{"id":543,"date":"2024-11-15T17:22:27","date_gmt":"2024-11-15T16:22:27","guid":{"rendered":"https:\/\/dev.tourdurchwien.at\/team\/"},"modified":"2025-02-23T21:58:48","modified_gmt":"2025-02-23T20:58:48","slug":"team","status":"publish","type":"page","link":"https:\/\/www.tourdurchwien.at\/en\/team\/","title":{"rendered":"Team"},"content":{"rendered":"\n<div class=\"wp-block-group is-layout-constrained wp-block-group-is-layout-constrained\">\n<h2 class=\"wp-block-heading\"><strong>Barry Hooper<\/strong><\/h2>\n\n\n\n<div class=\"wp-block-columns is-layout-flex wp-container-core-columns-is-layout-28f84493 wp-block-columns-is-layout-flex\">\n<div class=\"wp-block-column is-layout-flow wp-block-column-is-layout-flow\" style=\"flex-basis:33%\">\n<figure class=\"wp-block-image size-full\"><img loading=\"lazy\" decoding=\"async\" width=\"389\" height=\"536\" src=\"https:\/\/www.tourdurchwien.at\/wp-content\/uploads\/2025\/01\/image.jpeg\" alt=\"Barry Hooper - Tour durch Wien Gr&#xFC;nder\" class=\"wp-image-451\" srcset=\"https:\/\/www.tourdurchwien.at\/wp-content\/uploads\/2025\/01\/image.jpeg 389w, https:\/\/www.tourdurchwien.at\/wp-content\/uploads\/2025\/01\/image-218x300.jpeg 218w\" sizes=\"auto, (max-width: 389px) 100vw, 389px\" \/><\/figure>\n<\/div>\n\n\n\n<div class=\"wp-block-column is-layout-flow wp-block-column-is-layout-flow\" style=\"flex-basis:66%\">\n<p><strong>Gr\u00fcnder\u00a0von Tour durch Wien<\/strong><\/p>\n\n\n\n<p>Vier Jahre als professioneller Cricketspieler<\/p>\n\n\n\n<p>Hintergrund in Fitness und Sport, Psychiatrie und Bewegung f\u00fcr spezielle Bev\u00f6lkerungsgruppen.<\/p>\n\n\n\n<p>Geschaeftsfuehrer bei\u00a0Vienna Explorer Day Tours<\/p>\n\n\n\n<p>Aufgewachsen mit einem starken sportlichen Hintergrund in Gro\u00dfbritannien und Cricket auf professionellem Niveau, dies hinter sich zu lassen und sich von den Sportarten meiner gr\u00f6\u00dften St\u00e4rke zur\u00fcckzuziehen, war schwierig. Nachdem ich Ende 2015 nach \u00d6sterreich ausgewandert war, fand ich im Rennradsport eine neue Sportart, die mich faszinierte. Mein erstes Radrennen bestritt ich 2018 in Ungarn, ein 200 km langes Rennen um den Plattensee (das ich nach 50 km stark mit Kr\u00e4mpfen zu k\u00e4mpfen hatte), um sp\u00e4ter im Jahr einen \u00fcberschaubareren 80 km badener Radmarathon zu absolvieren (im Bild). Wie bei den meisten Enthusiasten wurde die Wartung und Aufr\u00fcstung meines Fahrrads lustig und etwas obsessiv.<br\/><\/p>\n\n\n\n<p>Mein denkw\u00fcrdigster Grand Tour-Moment war der Giro 2018 &#8211; dies war der erste, den ich mit Interesse gesehen hatte. Simon Yates zweieinhalb Wochen lang in Form zu sehen, w\u00e4hrend Chris Froome st\u00fcrzte und k\u00e4mpfte. Dann erliegt Yates endlich der M\u00fcdigkeit und Froome geht alleine auf der 19. Etappe mit noch 80 km zu fahren, um endlich das Rosa Trikot zu nehmen &#8211; was f\u00fcr eine M\u00f6glichkeit, seinen ersten Giro zu gewinnen.<\/p>\n\n\n\n<p>Mein Ziel f\u00fcr die Tour durch Wien ist es, sie zu einem beliebten Fahrerevent f\u00fcr alle zu machen, auch f\u00fcr Radfahrer und Tretroller-Fahrer. Ich m\u00f6chte, dass Menschen teilnehmen, um ihre Fitness und ihre\u00a0k\u00f6rperliche und\u00a0geistige\u00a0Gesundheit zu verbessern und sich sozial mit anderen Gleichgesinnten zu integrieren. Ich glaube fest an Bewegung als Therapie f\u00fcr k\u00f6rperliche und geistige Gesundheit, deshalb werde ich solche Initiativen immer f\u00f6rdern.<\/p>\n<\/div>\n<\/div>\n<\/div>\n\n<div class=\"wp-block-group is-layout-constrained wp-block-group-is-layout-constrained\">\n<h2 class=\"wp-block-heading\"><strong>Niklas Brantner<\/strong><\/h2>\n\n\n\n<div class=\"wp-block-columns is-layout-flex wp-container-core-columns-is-layout-28f84493 wp-block-columns-is-layout-flex\">\n<div class=\"wp-block-column is-layout-flow wp-block-column-is-layout-flow\" style=\"flex-basis:33.33%\">\n<figure class=\"wp-block-image size-full\"><img loading=\"lazy\" decoding=\"async\" width=\"387\" height=\"628\" src=\"https:\/\/www.tourdurchwien.at\/wp-content\/uploads\/2025\/01\/image-1.jpeg\" alt=\"\" class=\"wp-image-453\" srcset=\"https:\/\/www.tourdurchwien.at\/wp-content\/uploads\/2025\/01\/image-1.jpeg 387w, https:\/\/www.tourdurchwien.at\/wp-content\/uploads\/2025\/01\/image-1-185x300.jpeg 185w\" sizes=\"auto, (max-width: 387px) 100vw, 387px\" \/><\/figure>\n<\/div>\n\n\n\n<div class=\"wp-block-column is-layout-flow wp-block-column-is-layout-flow\" style=\"flex-basis:66.66%\">\n<p>Logo Design\/Kunstwerk<\/p>\n\n\n\n<p>Radreisef\u00fchrer<\/p>\n\n\n\n<p>Ich war von klein auf sehr sportlich und war viele Jahre im Orientierungslauf aktiv, im Jugend- und Junioren-Nationalkader und schlie\u00dflich ein Jahr lang als \u00f6sterreichischer Heeressportler. Danach habe ich mein Studium begonnen und den Kontakt zum Elitekader verloren. Da ich nie ein Auto besessen habe, geh\u00f6rte das Pendeln mit dem Fahrrad schon immer zu meinem Alltag.<\/p>\n\n\n\n<p>Nachdem ich mir dann ein eigenes Rennrad zugelegt habe, entwickelte sich aus dem bisherigen Freizeitsport schnell eine ganz neue Begeisterung f\u00fcr den Profiradsport. Ich besorgte mir eine Amateurlizenz mit dem Ziel, Elite-Radfahrer zu werden. Bald trainierte ich mehr Stunden auf dem Rad als beim Laufen w\u00e4hrend meiner besten Zeit als Orientierungsl\u00e4ufer.<\/p>\n\n\n\n<p>Durch meine Arbeit als Fahrradkurier lernte ich Barry kennen und war von seiner Idee, ein Etappenrennen in Wien zu organisieren, begeistert und wollte unbedingt dabei sein. Die erste Tour durch Wien war meine erste Wettkampferfahrung au\u00dferhalb des Laufsports, viele weitere Radrennen folgten, und nun kann ich mich mit Stolz zweifachen Sieger der Tour durch Wien nennen.<\/p>\n\n\n\n<p>Mit meiner autodidaktischen Erfahrung im Logodesign war es mir eine Freude, das Logodesign und Artwork f\u00fcr die Tour durch Wien zu entwerfen.<\/p>\n<\/div>\n<\/div>\n<\/div>\n\n<div class=\"wp-block-group is-layout-constrained wp-block-group-is-layout-constrained\">\n<h2 class=\"wp-block-heading\"><strong>Hashim Mubarak<\/strong><\/h2>\n\n\n\n<div class=\"wp-block-columns is-layout-flex wp-container-core-columns-is-layout-28f84493 wp-block-columns-is-layout-flex\">\n<div class=\"wp-block-column is-layout-flow wp-block-column-is-layout-flow\" style=\"flex-basis:33.33%\">\n<figure class=\"wp-block-image size-full\"><img loading=\"lazy\" decoding=\"async\" width=\"376\" height=\"470\" src=\"https:\/\/www.tourdurchwien.at\/wp-content\/uploads\/2025\/01\/image-2.jpeg\" alt=\"\" class=\"wp-image-456\" srcset=\"https:\/\/www.tourdurchwien.at\/wp-content\/uploads\/2025\/01\/image-2.jpeg 376w, https:\/\/www.tourdurchwien.at\/wp-content\/uploads\/2025\/01\/image-2-240x300.jpeg 240w\" sizes=\"auto, (max-width: 376px) 100vw, 376px\" \/><\/figure>\n<\/div>\n\n\n\n<div class=\"wp-block-column is-layout-flow wp-block-column-is-layout-flow\" style=\"flex-basis:66.66%\">\n<p>Social Media Management<\/p>\n\n\n\n<p>Koch<\/p>\n\n\n\n<p>Ich habe mein ganzes Leben lang Sport getrieben, aber haupts\u00e4chlich Kampfsport und nicht Radfahren. In meinem Heimatland Irak fuhr ich Rennen mit Motorr\u00e4dern und driftete Autos, aber hier in \u00d6sterreich habe ich meine Leidenschaft f\u00fcr Rennr\u00e4der entdeckt, als ich anfing, als Fahrradkurier zu arbeiten. Dieser Sport verbindet alles, was ich liebe &#8211; Rennen fahren und gleichzeitig trainieren, das ist der ultimative Sport.<\/p>\n\n\n\n<p>Ich helfe bei der Tour durch Wien mit, weil ich denke, dass es eine brillante Idee mit einer gro\u00dfen Zukunft ist, und es ist eine gro\u00dfe Chance und Ehre f\u00fcr mich, ein Teil davon zu sein. Hauptberuflich bin ich Barkeeper, aber in meinem Leben dreht sich alles um Fahrr\u00e4der. Ich freue mich, beim Social Media Management f\u00fcr die Veranstaltung zu helfen, da dies meine St\u00e4rke ist, und ich freue mich, dass ich zum Wachstum von TdW beitragen kann.<\/p>\n<\/div>\n<\/div>\n<\/div>\n\n<div class=\"wp-block-group is-layout-constrained wp-block-group-is-layout-constrained\">\n<h2 class=\"wp-block-heading\">TdW Volunteers<\/h2>\n\n\n\n<p><strong>Stephanie Schnorr<\/strong><\/p>\n\n\n\n<p>Promotions + Test Riding<\/p>\n\n\n\n<p><strong>Claudia Oster<\/strong><\/p>\n\n\n\n<p>Translations<\/p>\n\n\n\n<p><strong>David Pasek<\/strong><\/p>\n\n\n\n<p>Artwork \/ Tretroller Promotions<\/p>\n\n\n\n<p><strong>Marcel Turobin-Ort<\/strong><\/p>\n\n\n\n<p>IT Expert \/ App development\u00a0<\/p>\n\n\n\n<p><strong>Daniel Marx<\/strong><\/p>\n\n\n\n<p>Website<\/p>\n<\/div>\n","protected":false},"excerpt":{"rendered":"<p>Barry Hooper Gr\u00fcnder\u00a0von Tour durch Wien Vier Jahre als professioneller Cricketspieler Hintergrund in Fitness und Sport, Psychiatrie und Bewegung f\u00fcr spezielle Bev\u00f6lkerungsgruppen. Geschaeftsfuehrer bei\u00a0Vienna Explorer Day Tours Aufgewachsen mit einem starken sportlichen Hintergrund in Gro\u00dfbritannien und Cricket auf professionellem Niveau, dies hinter sich zu lassen und sich von den Sportarten meiner gr\u00f6\u00dften St\u00e4rke zur\u00fcckzuziehen, war [&hellip;]<\/p>\n","protected":false},"author":1,"featured_media":0,"parent":0,"menu_order":0,"comment_status":"closed","ping_status":"closed","template":"","meta":{"footnotes":""},"class_list":["post-543","page","type-page","status-publish","hentry"],"_links":{"self":[{"href":"https:\/\/www.tourdurchwien.at\/en\/wp-json\/wp\/v2\/pages\/543","targetHints":{"allow":["GET"]}}],"collection":[{"href":"https:\/\/www.tourdurchwien.at\/en\/wp-json\/wp\/v2\/pages"}],"about":[{"href":"https:\/\/www.tourdurchwien.at\/en\/wp-json\/wp\/v2\/types\/page"}],"author":[{"embeddable":true,"href":"https:\/\/www.tourdurchwien.at\/en\/wp-json\/wp\/v2\/users\/1"}],"replies":[{"embeddable":true,"href":"https:\/\/www.tourdurchwien.at\/en\/wp-json\/wp\/v2\/comments?post=543"}],"version-history":[{"count":2,"href":"https:\/\/www.tourdurchwien.at\/en\/wp-json\/wp\/v2\/pages\/543\/revisions"}],"predecessor-version":[{"id":848,"href":"https:\/\/www.tourdurchwien.at\/en\/wp-json\/wp\/v2\/pages\/543\/revisions\/848"}],"wp:attachment":[{"href":"https:\/\/www.tourdurchwien.at\/en\/wp-json\/wp\/v2\/media?parent=543"}],"curies":[{"name":"wp","href":"https:\/\/api.w.org\/{rel}","templated":true}]}}

<div class="wp-block-group is-layout-constrained wp-block-group-is-layout-constrained">
<h2 class="wp-block-heading"><strong>Barry Hooper</strong></h2>



<div class="wp-block-columns is-layout-flex wp-container-core-columns-is-layout-28f84493 wp-block-columns-is-layout-flex">
<div class="wp-block-column is-layout-flow wp-block-column-is-layout-flow" style="flex-basis:33%">
<figure class="wp-block-image size-full"><img loading="lazy" decoding="async" width="389" height="536" src="https://www.tourdurchwien.at/wp-content/uploads/2025/01/image.jpeg" alt="Barry Hooper - Tour durch Wien Gr&#xFC;nder" class="wp-image-451" srcset="https://www.tourdurchwien.at/wp-content/uploads/2025/01/image.jpeg 389w, https://www.tourdurchwien.at/wp-content/uploads/2025/01/image-218x300.jpeg 218w" sizes="auto, (max-width: 389px) 100vw, 389px" /></figure>
</div>



<div class="wp-block-column is-layout-flow wp-block-column-is-layout-flow" style="flex-basis:66%">
<p><strong>Gründer von Tour durch Wien</strong></p>



<p>Vier Jahre als professioneller Cricketspieler</p>



<p>Hintergrund in Fitness und Sport, Psychiatrie und Bewegung für spezielle Bevölkerungsgruppen.</p>



<p>Geschaeftsfuehrer bei Vienna Explorer Day Tours</p>



<p>Aufgewachsen mit einem starken sportlichen Hintergrund in Großbritannien und Cricket auf professionellem Niveau, dies hinter sich zu lassen und sich von den Sportarten meiner größten Stärke zurückzuziehen, war schwierig. Nachdem ich Ende 2015 nach Österreich ausgewandert war, fand ich im Rennradsport eine neue Sportart, die mich faszinierte. Mein erstes Radrennen bestritt ich 2018 in Ungarn, ein 200 km langes Rennen um den Plattensee (das ich nach 50 km stark mit Krämpfen zu kämpfen hatte), um später im Jahr einen überschaubareren 80 km badener Radmarathon zu absolvieren (im Bild). Wie bei den meisten Enthusiasten wurde die Wartung und Aufrüstung meines Fahrrads lustig und etwas obsessiv.<br/></p>



<p>Mein denkwürdigster Grand Tour-Moment war der Giro 2018 &#8211; dies war der erste, den ich mit Interesse gesehen hatte. Simon Yates zweieinhalb Wochen lang in Form zu sehen, während Chris Froome stürzte und kämpfte. Dann erliegt Yates endlich der Müdigkeit und Froome geht alleine auf der 19. Etappe mit noch 80 km zu fahren, um endlich das Rosa Trikot zu nehmen &#8211; was für eine Möglichkeit, seinen ersten Giro zu gewinnen.</p>



<p>Mein Ziel für die Tour durch Wien ist es, sie zu einem beliebten Fahrerevent für alle zu machen, auch für Radfahrer und Tretroller-Fahrer. Ich möchte, dass Menschen teilnehmen, um ihre Fitness und ihre körperliche und geistige Gesundheit zu verbessern und sich sozial mit anderen Gleichgesinnten zu integrieren. Ich glaube fest an Bewegung als Therapie für körperliche und geistige Gesundheit, deshalb werde ich solche Initiativen immer fördern.</p>
</div>
</div>
</div>

<div class="wp-block-group is-layout-constrained wp-block-group-is-layout-constrained">
<h2 class="wp-block-heading"><strong>Niklas Brantner</strong></h2>



<div class="wp-block-columns is-layout-flex wp-container-core-columns-is-layout-28f84493 wp-block-columns-is-layout-flex">
<div class="wp-block-column is-layout-flow wp-block-column-is-layout-flow" style="flex-basis:33.33%">
<figure class="wp-block-image size-full"><img loading="lazy" decoding="async" width="387" height="628" src="https://www.tourdurchwien.at/wp-content/uploads/2025/01/image-1.jpeg" alt="" class="wp-image-453" srcset="https://www.tourdurchwien.at/wp-content/uploads/2025/01/image-1.jpeg 387w, https://www.tourdurchwien.at/wp-content/uploads/2025/01/image-1-185x300.jpeg 185w" sizes="auto, (max-width: 387px) 100vw, 387px" /></figure>
</div>



<div class="wp-block-column is-layout-flow wp-block-column-is-layout-flow" style="flex-basis:66.66%">
<p>Logo Design/Kunstwerk</p>



<p>Radreiseführer</p>



<p>Ich war von klein auf sehr sportlich und war viele Jahre im Orientierungslauf aktiv, im Jugend- und Junioren-Nationalkader und schließlich ein Jahr lang als österreichischer Heeressportler. Danach habe ich mein Studium begonnen und den Kontakt zum Elitekader verloren. Da ich nie ein Auto besessen habe, gehörte das Pendeln mit dem Fahrrad schon immer zu meinem Alltag.</p>



<p>Nachdem ich mir dann ein eigenes Rennrad zugelegt habe, entwickelte sich aus dem bisherigen Freizeitsport schnell eine ganz neue Begeisterung für den Profiradsport. Ich besorgte mir eine Amateurlizenz mit dem Ziel, Elite-Radfahrer zu werden. Bald trainierte ich mehr Stunden auf dem Rad als beim Laufen während meiner besten Zeit als Orientierungsläufer.</p>



<p>Durch meine Arbeit als Fahrradkurier lernte ich Barry kennen und war von seiner Idee, ein Etappenrennen in Wien zu organisieren, begeistert und wollte unbedingt dabei sein. Die erste Tour durch Wien war meine erste Wettkampferfahrung außerhalb des Laufsports, viele weitere Radrennen folgten, und nun kann ich mich mit Stolz zweifachen Sieger der Tour durch Wien nennen.</p>



<p>Mit meiner autodidaktischen Erfahrung im Logodesign war es mir eine Freude, das Logodesign und Artwork für die Tour durch Wien zu entwerfen.</p>
</div>
</div>
</div>

<div class="wp-block-group is-layout-constrained wp-block-group-is-layout-constrained">
<h2 class="wp-block-heading"><strong>Hashim Mubarak</strong></h2>



<div class="wp-block-columns is-layout-flex wp-container-core-columns-is-layout-28f84493 wp-block-columns-is-layout-flex">
<div class="wp-block-column is-layout-flow wp-block-column-is-layout-flow" style="flex-basis:33.33%">
<figure class="wp-block-image size-full"><img loading="lazy" decoding="async" width="376" height="470" src="https://www.tourdurchwien.at/wp-content/uploads/2025/01/image-2.jpeg" alt="" class="wp-image-456" srcset="https://www.tourdurchwien.at/wp-content/uploads/2025/01/image-2.jpeg 376w, https://www.tourdurchwien.at/wp-content/uploads/2025/01/image-2-240x300.jpeg 240w" sizes="auto, (max-width: 376px) 100vw, 376px" /></figure>
</div>



<div class="wp-block-column is-layout-flow wp-block-column-is-layout-flow" style="flex-basis:66.66%">
<p>Social Media Management</p>



<p>Koch</p>



<p>Ich habe mein ganzes Leben lang Sport getrieben, aber hauptsächlich Kampfsport und nicht Radfahren. In meinem Heimatland Irak fuhr ich Rennen mit Motorrädern und driftete Autos, aber hier in Österreich habe ich meine Leidenschaft für Rennräder entdeckt, als ich anfing, als Fahrradkurier zu arbeiten. Dieser Sport verbindet alles, was ich liebe &#8211; Rennen fahren und gleichzeitig trainieren, das ist der ultimative Sport.</p>



<p>Ich helfe bei der Tour durch Wien mit, weil ich denke, dass es eine brillante Idee mit einer großen Zukunft ist, und es ist eine große Chance und Ehre für mich, ein Teil davon zu sein. Hauptberuflich bin ich Barkeeper, aber in meinem Leben dreht sich alles um Fahrräder. Ich freue mich, beim Social Media Management für die Veranstaltung zu helfen, da dies meine Stärke ist, und ich freue mich, dass ich zum Wachstum von TdW beitragen kann.</p>
</div>
</div>
</div>

<div class="wp-block-group is-layout-constrained wp-block-group-is-layout-constrained">
<h2 class="wp-block-heading">TdW Volunteers</h2>



<p><strong>Stephanie Schnorr</strong></p>



<p>Promotions + Test Riding</p>



<p><strong>Claudia Oster</strong></p>



<p>Translations</p>



<p><strong>David Pasek</strong></p>



<p>Artwork / Tretroller Promotions</p>



<p><strong>Marcel Turobin-Ort</strong></p>



<p>IT Expert / App development </p>



<p><strong>Daniel Marx</strong></p>



<p>Website</p>
</div>

<p>Barry Hooper Gründer von Tour durch Wien Vier Jahre als professioneller Cricketspieler Hintergrund in Fitness und Sport, Psychiatrie und Bewegung für spezielle Bevölkerungsgruppen. Geschaeftsfuehrer bei Vienna Explorer Day Tours Aufgewachsen mit einem starken sportlichen Hintergrund in Großbritannien und Cricket auf professionellem Niveau, dies hinter sich zu lassen und sich von den Sportarten meiner größten Stärke zurückzuziehen, war [&hellip;]</p>
